[INFO] fetching crate nd_iter 0.0.4...
[INFO] checking nd_iter-0.0.4 against try#72f88fc4e9458f89516a0b8b0868f3718aec5b47 for pr-74989
[INFO] extracting crate nd_iter 0.0.4 into /workspace/builds/worker-8/source
[INFO] validating manifest of crates.io crate nd_iter 0.0.4 on toolchain 72f88fc4e9458f89516a0b8b0868f3718aec5b47
[INFO] running `Command { std: "/workspace/cargo-home/bin/cargo" "+72f88fc4e9458f89516a0b8b0868f3718aec5b47" "read-manifest" "--manifest-path" "Cargo.toml", kill_on_drop: false }`
[INFO] started tweaking crates.io crate nd_iter 0.0.4
[INFO] finished tweaking crates.io crate nd_iter 0.0.4
[INFO] tweaked toml for crates.io crate nd_iter 0.0.4 written to /workspace/builds/worker-8/source/Cargo.toml
[INFO] running `Command { std: "/workspace/cargo-home/bin/cargo" "+72f88fc4e9458f89516a0b8b0868f3718aec5b47" "generate-lockfile" "--manifest-path" "Cargo.toml" "-Zno-index-update", kill_on_drop: false }`
[INFO] running `Command { std: "/workspace/cargo-home/bin/cargo" "+72f88fc4e9458f89516a0b8b0868f3718aec5b47" "fetch" "--locked" "--manifest-path" "Cargo.toml", kill_on_drop: false }`
[INFO] running `Command { std: "docker" "create" "-v" "/var/lib/crater-agent-workspace/builds/worker-8/target:/opt/rustwide/target:rw,Z" "-v" "/var/lib/crater-agent-workspace/builds/worker-8/source:/opt/rustwide/workdir:ro,Z" "-v" "/var/lib/crater-agent-workspace/cargo-home:/opt/rustwide/cargo-home:ro,Z" "-v" "/var/lib/crater-agent-workspace/rustup-home:/opt/rustwide/rustup-home:ro,Z" "-e" "SOURCE_DIR=/opt/rustwide/workdir" "-e" "CARGO_TARGET_DIR=/opt/rustwide/target" "-e" "CARGO_HOME=/opt/rustwide/cargo-home" "-e" "RUSTUP_HOME=/opt/rustwide/rustup-home" "-w" "/opt/rustwide/workdir" "-m" "1610612736" "--user" "0:0" "--network" "none" "rustops/crates-build-env@sha256:d92eaeed33fa75130ca1ee6c8a01d1ffb62bac859dfdfb3450e3e5d1c0146529" "/opt/rustwide/cargo-home/bin/cargo" "+72f88fc4e9458f89516a0b8b0868f3718aec5b47" "metadata" "--no-deps" "--format-version=1", kill_on_drop: false }`
[INFO] [stdout] e61c8f54d4537fba69d2e40d4aebdcc5c31bc4b019319abb982fd4f903ddcd5b
[INFO] [stderr] WARNING: Your kernel does not support swap limit capabilities or the cgroup is not mounted. Memory limited without swap.
[INFO] running `Command { std: "docker" "start" "-a" "e61c8f54d4537fba69d2e40d4aebdcc5c31bc4b019319abb982fd4f903ddcd5b", kill_on_drop: false }`
[INFO] running `Command { std: "docker" "inspect" "e61c8f54d4537fba69d2e40d4aebdcc5c31bc4b019319abb982fd4f903ddcd5b", kill_on_drop: false }`
[INFO] running `Command { std: "docker" "rm" "-f" "e61c8f54d4537fba69d2e40d4aebdcc5c31bc4b019319abb982fd4f903ddcd5b", kill_on_drop: false }`
[INFO] [stdout] e61c8f54d4537fba69d2e40d4aebdcc5c31bc4b019319abb982fd4f903ddcd5b
[INFO] running `Command { std: "docker" "create" "-v" "/var/lib/crater-agent-workspace/builds/worker-8/target:/opt/rustwide/target:rw,Z" "-v" "/var/lib/crater-agent-workspace/builds/worker-8/source:/opt/rustwide/workdir:ro,Z" "-v" "/var/lib/crater-agent-workspace/cargo-home:/opt/rustwide/cargo-home:ro,Z" "-v" "/var/lib/crater-agent-workspace/rustup-home:/opt/rustwide/rustup-home:ro,Z" "-e" "SOURCE_DIR=/opt/rustwide/workdir" "-e" "CARGO_TARGET_DIR=/opt/rustwide/target" "-e" "CARGO_INCREMENTAL=0" "-e" "RUST_BACKTRACE=full" "-e" "RUSTFLAGS=--cap-lints=forbid" "-e" "CARGO_HOME=/opt/rustwide/cargo-home" "-e" "RUSTUP_HOME=/opt/rustwide/rustup-home" "-w" "/opt/rustwide/workdir" "-m" "1610612736" "--user" "0:0" "--network" "none" "rustops/crates-build-env@sha256:d92eaeed33fa75130ca1ee6c8a01d1ffb62bac859dfdfb3450e3e5d1c0146529" "/opt/rustwide/cargo-home/bin/cargo" "+72f88fc4e9458f89516a0b8b0868f3718aec5b47" "check" "--frozen" "--all" "--all-targets" "--message-format=json", kill_on_drop: false }`
[INFO] [stderr] WARNING: Your kernel does not support swap limit capabilities or the cgroup is not mounted. Memory limited without swap.
[INFO] [stdout] 7e6bf147efe9d67268148ec2510ca715b12e2efd2ef30d40915eb24cef3e96db
[INFO] running `Command { std: "docker" "start" "-a" "7e6bf147efe9d67268148ec2510ca715b12e2efd2ef30d40915eb24cef3e96db", kill_on_drop: false }`
[INFO] [stderr]     Checking nd_iter v0.0.4 (/opt/rustwide/workdir)
[INFO] [stdout] error[E0432]: unresolved import `std::iter::range_inclusive`
[INFO] [stdout]  --> examples/gen.rs:4:5
[INFO] [stdout]   |
[INFO] [stdout] 4 | use std::iter::range_inclusive;
[INFO] [stdout]   |     ^^^^^^^^^^^^^^^^^^^^^^^^^^ no `range_inclusive` in `iter`
[INFO] [stdout] 
[INFO] [stdout] 
[INFO] [stdout] error[E0425]: cannot find function `range` in this scope
[INFO] [stdout]  --> examples/gen.rs:7:27
[INFO] [stdout]   |
[INFO] [stdout] 7 |     for (x, y) in iter_2d(range(0u32, 2), range_inclusive(2u32, 5)) {
[INFO] [stdout]   |                           ^^^^^ not found in this scope
[INFO] [stdout] 
[INFO] [stdout] 
[INFO] [stdout] error[E0425]: cannot find function `range` in this scope
[INFO] [stdout]   --> examples/gen.rs:11:30
[INFO] [stdout]    |
[INFO] [stdout] 11 |     for (x, y, z) in iter_3d(range(0u32, 2), range(2u32, 4), range(0u32, 2)) {
[INFO] [stdout]    |                              ^^^^^ not found in this scope
[INFO] [stdout] 
[INFO] [stdout] 
[INFO] [stdout] error[E0425]: cannot find function `range` in this scope
[INFO] [stdout]   --> examples/gen.rs:11:46
[INFO] [stdout]    |
[INFO] [stdout] 11 |     for (x, y, z) in iter_3d(range(0u32, 2), range(2u32, 4), range(0u32, 2)) {
[INFO] [stdout]    |                                              ^^^^^ not found in this scope
[INFO] [stdout] 
[INFO] [stdout] 
[INFO] [stdout] error[E0425]: cannot find function `range` in this scope
[INFO] [stdout]   --> examples/gen.rs:11:62
[INFO] [stdout]    |
[INFO] [stdout] 11 |     for (x, y, z) in iter_3d(range(0u32, 2), range(2u32, 4), range(0u32, 2)) {
[INFO] [stdout]    |                                                              ^^^^^ not found in this scope
[INFO] [stdout] 
[INFO] [stdout] 
[INFO] [stdout] error: aborting due to 5 previous errors
[INFO] [stdout] 
[INFO] [stdout] 
[INFO] [stdout] Some errors have detailed explanations: E0425, E0432.
[INFO] [stdout] 
[INFO] [stdout] For more information about an error, try `rustc --explain E0425`.
[INFO] [stdout] 
[INFO] [stderr] error: could not compile `nd_iter`.
[INFO] [stderr] 
[INFO] [stderr] To learn more, run the command again with --verbose.
[INFO] running `Command { std: "docker" "inspect" "7e6bf147efe9d67268148ec2510ca715b12e2efd2ef30d40915eb24cef3e96db", kill_on_drop: false }`
[INFO] running `Command { std: "docker" "rm" "-f" "7e6bf147efe9d67268148ec2510ca715b12e2efd2ef30d40915eb24cef3e96db", kill_on_drop: false }`
[INFO] [stdout] 7e6bf147efe9d67268148ec2510ca715b12e2efd2ef30d40915eb24cef3e96db
